tor of 44435?
False
Is 4190 a multiple of 5?
True
Is 57984 a multiple of 192?
True
Is 45253 a multiple of 3?
False
Is 20 a factor of 38809?
False
Is 5998630 a multiple of 46?
True
Does 21 divide 109136?
False
Does 6 divide 14321473?
False
Does 26 divide 71204?
False
Is 1733399 a multiple of 13?
False
Is 968730 a multiple of 10?
True
Does 33 divide 482097?
True
Is 480123 a multiple of 63?
True
Does 329 divide 5229977?
False
Is 7 a factor of 540269?
False
Is 54 a factor of 386156?
False
Does 6 divide 31649?
False
Is 179 a factor of 3451353?
False
Is 36 a factor of 139212?
True
Is 10000150 a multiple of 883?
False
Is 90 a factor of 662891?
False
Is 4695721 a multiple of 33?
False
Does 380 divide 184497?
False
Is 113 a factor of 496409?
True
Is 10 a factor of 923250?
True
Does 21 divide 82740?
True
Does 4 divide 809728?
True
Does 7 divide 19099?
False
Does 49 divide 3579350?
False
Is 3188878 a multiple of 154?
True
Does 357 divide 650454?
True
Is 287790 a multiple of 318?
True
Is 23 a factor of 8933574?
False
Does 29 divide 62263?
True
Does 20 divide 171560?
True
Is 201 a factor of 320086?
False
Is 49 a factor of 899836?
True
Is 206460 a multiple of 93?
True
Does 41 divide 121458?
False
Does 136 divide 2231477?
False
Is 453 a factor of 27652026?
True
Is 7456872 a multiple of 1256?
True
Is 63 a factor of 710514?
True
Is 65377 a multiple of 107?
True
Is 66450 a multiple of 50?
True
Is 5 a factor of 2508342?
False
Is 21 a factor of 20790?
True
Is 3 a factor of 984750?
True
Is 374166 a multiple of 351?
True
Is 36 a factor of 846504?
True
Is 6119008 a multiple of 944?
True
Is 8726185 a multiple of 745?
True
Does 15 divide 676541?
False
Is 4 a factor of 4773698?
False
Is 1272972 a multiple of 86?
True
Is 2129260 a multiple of 469?
True
Is 15263 a multiple of 6?
False
Is 147636 a multiple of 183?
False
Does 128 divide 339538?
False
Is 67 a factor of 115727?
False
Is 36 a factor of 44161?
False
Is 8 a factor of 3440?
True
Does 870 divide 1396535?
False
Is 324377 a multiple of 17?
True
Is 253657 a multiple of 16?
False
Is 1292231 a multiple of 443?
True
Does 40 divide 827508?
False
Does 68 divide 799068?
True
Is 5 a factor of 10856?
False
Is 7 a factor of 47236?
True
Is 59 a factor of 68617?
True
Does 101 divide 1324998?
False
Is 254 a factor of 231394?
True
Does 161 divide 272650?
False
Is 64 a factor of 189312?
True
Is 129 a factor of 1210020?
True
Is 198 a factor of 211464?
True
Is 135913 a multiple of 93?
False
Is 53126 a multiple of 4?
False
Is 140 a factor of 503440?
True
Is 62 a factor of 744124?
True
Does 242 divide 313702?
False
Does 22 divide 242994?
False
Is 28 a factor of 1090040?
True
Is 77 a factor of 1180872?
True
Is 6424276 a multiple of 122?
True
Does 514 divide 288639?
False
Is 37 a factor of 132154?
False
Is 138419 a multiple of 808?
False
Does 84 divide 134299?
False
Is 28 a factor of 378654?
False
Is 71864 a multiple of 52?
True
Is 3085000 a multiple of 56?
False
Does 9 divide 101744?
False
Does 677 divide 6990025?
True
Does 18 divide 11454352?
False
Does 328 divide 140481?
False
Is 208 a factor of 3092856?
False
Is 33666 a multiple of 181?
True
Does 105 divide 236237?
False
Is 7 a factor of 147623?
True
Is 1024212 a multiple of 274?
True
Does 81 divide 612279?
True
Does 6 divide 192?
True
Does 154 divide 11043648?
True
Does 529 divide 171925?
True
Does 95 divide 1022580?
True
Is 520 a multiple of 5?
True
Is 2552563 a multiple of 624?
False
Is 5 a factor of 10766?
False
Does 17 divide 2425663?
False
Is 318933 a multiple of 235?
False
Does 12 divide 1313589?
False
Is 48532 a multiple of 11?
True
Is 72 a factor of 28152?
True
Is 16 a factor of 350564?
False
Is 12 a factor of 2992724?
False
Does 776 divide 1468508?
False
Is 1681432 a multiple of 893?
False
Is 6 a factor of 58874?
False
Is 3193687 a multiple of 84?
False
Is 49 a factor of 1110287?
False
Is 328 a factor of 313405?
False
Does 23 divide 1769459?
True
Is 33544 a multiple of 9?
False
Does 7 divide 1698542?
False
Does 102 divide 1206558?
True
Is 99275 a multiple of 502?
False
Is 364 a factor of 23144?
False
Does 19 divide 2914106?
True
Is 868513 a multiple of 47?
True
Is 2336 a factor of 17802722?
False
Is 8 a factor of 583248?
True
Is 3691426 a multiple of 166?
False
Is 6 a factor of 19938?
True
Does 3 divide 10003?
False
Is 29 a factor of 4805102?
False
Is 14269 a multiple of 298?
False
Is 203820 a multiple of 5?
True
Is 52 a factor of 610764?
False
Is 564993 a multiple of 99?
True
Is 243 a factor of 174980?
False
Does 2 divide 131207?
False
Does 16 divide 624698?
False
Is 33 a factor of 1416963?
False
Does 55 divide 1878756?
False
Does 29 divide 5153125?
False
Is 392 a factor of 715400?
True
Is 39732 a multiple of 6?
True
Is 7935 a multiple of 33?
False
Does 33 divide 5516478?
True
Does 25 divide 45050?
True
Is 10 a factor of 177270?
True
Is 8568 a multiple of 68?
True
Is 35192436 a multiple of 17?
False
Does 27 divide 13393?
False
Is 263 a factor of 118613?
True
Is 123280 a multiple of 16?
True
Is 38 a factor of 14247?
False
Is 273 a factor of 4986664?
False
Does 165 divide 1833150?
True
Is 561 a factor of 9203766?
True
Does 69 divide 69977?
False
Is 4 a factor of 62380?
True
Is 7 a factor of 1167572?
True
Is 74829 even?
False
Does 180 divide 1682861?
False
Does 47 divide 1395101?
True
Is 1078544 a multiple of 526?
False
Is 43 a factor of 57730?
False
Does 18 divide 28962?
True
Does 31 divide 380864?
False
Is 690609 a multiple of 42?
False
Is 482688 a multiple of 18?
True
Is 2 a factor of 188715?
False
Does 50 divide 600600?
True
Is 5 a factor of 3686475?
True
Does 7 divide 56224?
True
Does 155 divide 825065?
True
Is 1283722 a multiple of 14?
False
Is 686208 a multiple of 128?
True
Is 590550 a multiple of 177?
False
Is 353 a factor of 98487?
True
Is 119 a factor of 6188?
True
Does 129 divide 69502?
False
Does 656 divide 6575088?
True
Is 70 a factor of 792452?
False
Does 366 divide 5742906?
True
Does 999 divide 19711269?
True
Is 27 a factor of 522510?
False
Is 703 a factor of 1850999?
True
Is 9 a factor of 1737900?
True
Is 846 a factor of 1474069?
False
Is 11363842 a multiple of 7?
True
Is 78 a factor of 525595?
False
Is 1950334 a multiple of 62?
True
Is 403199 a multiple of 48?
False
Does 188 divide 16985?
False
Does 305 divide 15250?
True
Is 48 a factor of 352224?
True
Does 15 divide 223125?
True
Does 6 divide 1086?
True
Is 215852 a multiple of 22?
False
Is 388 a factor of 1647448?
True
Is 1284470 a multiple of 11?
True
Does 6 divide 200562?
True
Is 173551 a multiple of 242?
False
Does 8 divide 4427748?
False
Does 7 divide 2133593?
True
Is 6004123 a multiple of 248?
False
Is 65 a factor of 2961140?
True
Does 16 divide 1978006?
False
Is 146177 a multiple of 163?
False
Is 59136 a multiple of 2?
True
Is 164252 a multiple of 22?
True
Does 16 divide 40736?
True
Is 102 a factor of 169729?
False
Is 1994472 a multiple of 6?
True
Is 1668314 a multiple of 11?
False
Is 482724 a multiple of 4?
True
Does 15 divide 845119?
False
Is 23418 a multiple of 3?
True
Does 173 divide 1016202?
True
Is 187924 a multiple of 22?
True
Does 22 divide 509850?
True
Does 580 divide 2488200?
True
Is 1041479 a multiple of 465?
False
Does 24 divide 311808?
True
Is 95514 a multiple of 82?
False
Is 2 a factor of 104311?
False
Does 194 divide 102140?
False
Is 8 a factor of 1107888?
True
Is 44 a factor of 300828?
True
Does 6 divide 1267683?
False
Is 481 a factor of 1193361?
True
Is 4487587 a multiple of 677?
False
Does 4 divide 11106?
False
Is 7380563 a multiple of 712?
False
Is 19 a factor of 29492?
False
Is 30 a factor of 3960570?
True
Does 20 divide 8438580?
True
Is 713 a factor of 5687139?
False
Is 969906 a multiple of 58?
False
Is 1117251 a multiple of 269?
False
Does 22 divide 9747155?
False
Is 108 a factor of 23666256?
True
Is 6512 a multiple of 44?
True
Is 4 a factor of 817478?
False
Is 258894 a multiple of 7?
False
Is 495124 a multiple of 25?
False
Is 12872 a multiple of 2?
True
Is 226 a factor of 229390?
True
Is 775 a factor of 420050?
True
Does 215 divide 72733?
False
Does 178 divide 2728372?
False
Is 36 a factor of 4349256?
False
Is 46 a factor of 421916?
False
Is 9 a factor of 12379104?
True
Is 9713015 a multiple of 23?
True
Does 4 divide 1650460?
True
Is 49 a factor of 21349?
False
Does 24 div